. Suppose 4*b - b - 21 = y. What is the units digit of b?
7
Let z = -31 - -61. Suppose 6 = -4*y + z. Suppose 0 = d, -g - 2*d + 12 + y = 0. What is the units digit of g?
8
What is the units digit of -3 - (-42 + -5 + 4)?
0
Let f be 6*-1*(-1148)/42. Suppose 4*k = 8*k - f. What is the units digit of k?
1
Let z(r) = 7*r**2 + r - 1. Let y be (3 - (-38)/(-10))*-5. Let j be y/(-6)*(-6)/4. What is the units digit of z(j)?
7
Let h(g) = -g + 14. What is the units digit of h(13)?
1
Suppose -17 = -6*u + 4*u - z, 35 = 5*u - 5*z. What is the tens digit of ((-76)/16)/((-2)/u)?
1
Let t = 35 - 8. What is the tens digit of t?
2
Suppose -6*t - 27 = -a - t, 20 = 4*a + 2*t. What is the units digit of 1/(22/a + -3)?
7
Let t(c) = c**2 - c + 1. Let u be t(6). Let p be 15/12*(-18 + 2). Let j = p + u. What is the tens digit of j?
1
Let p(y) = y**2 - 5*y - 13. What is the units digit of p(-3)?
1
Suppose -s = -3*s + 176. What is the tens digit of s?
8
Let s = 16 + -1. Suppose 0 = -8*j + 5*j - s. Let l = j + 10. What is the units digit of l?
5
Let i = 3 + 12. Let b be i/(-3) + (2 - -1). What is the units digit of (-9)/((-2)/(0 - b))?
9
Let i(b) = 1. Let p(w) = -6*w + 13. Let z(q) = 5*i(q) - p(q). Let x be z(8). Suppose 4*v - 8 - x = 0. What is the units digit of v?
2
Let s be 1*(-3)/(-5)*-5. Let k be (s/(-4))/((-6)/168). What is the tens digit of (-3)/(-2)*(-182)/k?
1
Let q = 113 + -172. Let g = -34 - q. What is the tens digit of g?
2
Let l = -28 - -43. Suppose 3*k + 2*v = l, 0*v = -v - 3. What is the units digit of k?
7
Suppose -2*v + 150 - 36 = 0. Suppose 2 = -5*m + v. What is the tens digit of m?
1
Suppose s + 3 = 1, -3*s + 74 = 4*d. What is the tens digit of d?
2
Let x(y) = y**3 - 8*y**2 - 9*y + 7. Let v be x(9). Let p = -50 + 90. Suppose -2*g = -v*g + p. What is the units digit of g?
8
Suppose -f - 177 = -2*f + 3*c, 4*f - 4*c = 748. What is the hundreds digit of f?
1
Let l = 147 - 81. Suppose 0*s - 5*s + 2*w = -l, 5*s = 3*w + 69. What is the tens digit of s?
1
Suppose -10 = 5*h + 6*b - 2*b, -5*b - 25 = 0. What is the units digit of (-1)/(h*1/(-16))?
8
Let g = 0 + -10. What is the units digit of ((-2)/(-4))/(g/(-140))?
7
Let c(s) = -4*s + 1. Let t(k) = 5*k. Let f(v) = -6*c(v) - 5*t(v). Let p be f(-3). Let n = 5 + p. What is the units digit of n?
2
Suppose -2*y + 4 + 0 = 0, -3*u + 64 = 5*y. Suppose 96 = 3*w + u. What is the units digit of w?
6
Let y = -22 + 14. Let s(d) = -d**2 - 6*d + 10. Let q be s(y). What is the units digit of 0/3 + (-1 - q)?
5
Let z = 0 + 3. Suppose -z*i - 16 = -5*i. What is the units digit of i?
8
Suppose 13*m = 5*m + 480. What is the tens digit of m?
6
Suppose -i + 56 = 3*i. Let w = 24 - i. What is the units digit of w?
0
Let n be (63/(-3))/3 - -1. What is the units digit of ((-20)/(-6))/(n/(-9))?
5
Let h be (-1)/(3/6)*2. What is the units digit of 2/h + (-35)/(-2)?
7
Suppose 3*h + 3 - 33 = 0. Suppose -6 = -2*b + h. What is the units digit of b?
8
Suppose -3*p = -5*p - 2. Let n = p - -4. Suppose 3*a = 5*l + 21, n*l + 6 = -3. What is the units digit of a?
2
Suppose -3*b = 4*o + 52, o = 3*o - 4. Suppose -3*p = -104 - 4. Let a = b + p. What is the units digit of a?
6
Let z = -71 - -132. What is the tens digit of z?
6
Let u(n) = n**3 - 9*n**2 + 7*n - 4. Let z be u(8). Let m = z + 15. What is the units digit of m?
3
Let q = -12 - -6. Let j = q - -12. What is the units digit of j?
6
Let j(x) = x**2 - 6*x + 4. Let c be j(5). Let s(u) = u + 7. Let k be s(-5). What is the units digit of 13 - k - (-2)/c?
9
Suppose 0*q + 4 = -4*q. Let d be ((-7)/q)/(-5 + 6). Suppose 2*i = d + 17. What is the tens digit of i?
1
Let d = 321 - 33. What is the tens digit of d?
8
Suppose 0 = -3*j + 14 - 41. Let i = -8 - j. What is the tens digit of 1/(13/12 - i)?
1
Let g = 572 - 292. What is the units digit of g?
0
Suppose -3 = -8*h + 7*h. What is the units digit of h?
3
Suppose -2*c + 5*a = -15, 4*a - 4 = -4*c + 12. Suppose 3 = -c*h + 38. What is the units digit of h?
7
Let y(l) = 9*l - 36. What is the tens digit of y(8)?
3
Let q = 23 - 11. What is the tens digit of q?
1
Suppose 3*n + 12 = 6*n. Let z be (-1 + 0)/((-1)/n). What is the units digit of z/6 + 38/6?
7
Let n(h) = 4*h - 1. Suppose -a - 31 = 4*j + 14, 2*j = 5*a + 5. Let u be 4/j - 21/(-15). What is the units digit of n(u)?
3
Let o(l) = -2*l - 10. Let x(r) = -3*r - 11. Let p(i) = 6*o(i) - 5*x(i). Let y be p(8). Let w = y - 12. What is the units digit of w?
7
Suppose 25*z - 1558 - 4042 = 0. What is the units digit of z?
4
Suppose -2*g = 5*m - 0*m - 18, -g = -4*m + 4. Suppose 3*p + 4*s + s = 23, 4*p + g*s - 44 = 0. What is the tens digit of p?
1
Let g(q) = q**2 - 6*q - 7. Let r = -5 - -12. Let f be g(r). Suppose -6 = -d - f*d. What is the units digit of d?
6
Let u(n) be the first derivative of n**5/60 + n**4/8 + n**3 + 2. Let o(l) be the third derivative of u(l). What is the tens digit of o(4)?
1
Let t(y) = -y**2 + 7*y - 7. Let g be t(5). Let h = -1 + g. Suppose -2 = -h*d - 4*n, 1 = 2*d - d - n. What is the units digit of d?
1
Suppose -17 = -3*q - 5. Suppose 60 - 180 = -q*j. What is the units digit of j?
0
Let j be (4/(-10))/(3/(-30)). Suppose -3*w + w = 4*c - 50, 112 = j*w - 4*c. What is the units digit of w?
7
Let s(b) = -2*b**2 - 25*b + 27. What is the tens digit of s(-12)?
3
Let d be ((-3)/6*-10)/1. Suppose 21 = a - q, -d*a + 0*q + 4*q + 109 = 0. What is the units digit of a?
5
Suppose -4*r - 2*t - 9 = -r, 3*r + 9 = -t. Let g = r - -5. What is the units digit of g?
2
Let w(s) = -s**3 - s**2 + 3*s. Let m be w(-3). Let g(k) = k**2 - 8*k - 6. What is the units digit of g(m)?
3
Let a be (-8 - -7)/((-1)/(-102)). Let r = -65 - a. What is the tens digit of r?
3
Suppose q - 5*q = -8. Suppose 0 = -3*n - q*n + 125. What is the units digit of n?
5
Let p(t) = -t**3 - 25*t**2 - 29*t + 24. What is the hundreds digit of p(-24)?
1
Suppose 2*j = 4*j - 12. Let x = 4 + j. What is the tens digit of x?
1
Suppose g + 4*d = 4, -3*g = 3*d + d - 4. Let x = g + 2. What is the units digit of x?
2
Suppose 0*r = -2*r - 16. What is the tens digit of r/20*(-260)/4?
2
Let v = 17 + 142. What is the hundreds digit of v?
1
Suppose -3*v = -m + 15, 4 = v + 9. Suppose q = -m*q - 2. Let a = 8 + q. What is the units digit of a?
6
Suppose l - 5*l = -324. What is the units digit of l?
1
Let j = 0 - -14. Let p = -2 + j. Suppose -10*u - 32 = -p*u. What is the units digit of u?
6
Let m(g) = -g**3 + 9*g**2 - 7*g - 5. Let l be m(8). Suppose -4*y = 3*i - 12, l*i - 6 = 4*y + 6. What is the units digit of i?
4
Suppose 0 = k + 8 - 3, 2*k = 3*m - 163. What is the units digit of m?
1
Let n = -157 - -287. Let t = n - 93. What is the tens digit of t?
3
Let u(a) = a**3 - 4*a**2 - 2*a - 7. Let i be u(5). Suppose 4*p - i*p = -44. What is the tens digit of p?
1
What is the tens digit of (39/(-15))/(2/(-3 - 7))?
1
Suppose -3*d + 9*t - 65 = 4*t, 0 = -d + 3*t - 19. Suppose -10*g = -4*g + 1710. What is the units digit of g/d - 4/10?
1
Suppose -5*r + 7*r - 114 = 0. What is the units digit of r?
7
Suppose -3*a + 3*h + 102 = -0*a, 156 = 4*a + h. What is the units digit of a?
8
Suppose -5*d + 15 = -0*d. Suppose -5*b = -d - 2. What is the units digit of b?
1
Let o be 168/10 - 4/(-20). Let p = -12 + o. What is the units digit of p?
5
Let a = -16 - -40. What is the tens digit of a?
2
Let m = -5 + 7. Suppose 13 = 5*t - m. Suppose -5*q - t*n = -18, 3*q - 5*q + 4*n = -2. What is the units digit of q?
3
What is the units digit of (411/6 - -2)*(-4 - -6)?
1
Let u(k) be the second derivative of k**4/6 - 2*k**3/3 + 2*k**2 + 3*k. Let z be u(4). Let n = -11 + z. What is the units digit of n?
9
Let k(x) = x**3 + 16*x**2 - 15*x - 25. What is the tens digit of k(-16)?
1
Suppose -18*a = -a - 238. What is the units digit of a?
4
Let o be -2 + 3/((-6)/(-4)). Suppose o = -5*h + 51 - 11. Suppose -2*u + h = 2*u. What is the units digit of u?
2
Let a(j) = -j**3 + 7*j**2 - j - 1. What is the tens digit of a(3)?
3
Let x be 150/18 + 4/6. Let d(j) = -2*j**2 + 21*j - 7. What is the units digit of d(x)?
0
What is the tens digit of 2/24*4*78?
2
Let k(h) = -h + 1. Let i be 24/(-18) - (-2)/(-3). Let n be k(i). What is the units digit of (-51)/(-9) + n/9?
6
Suppose -2 = 48*l - 49*l. What is the units digit of l?
2
Let g = -11 + 91. Suppose -37 = -2*w + 4*p - 7, 5*w - 5*p - g = 0. What is the units digit of w?
7
